
(56 - 59) + (-1 - -1) + -1
-4
What is 0 + -2 + (-3 - -8)?
3
What is -1 + 4 + -3 - -2?
2
Calculate -7 + 6 + (-2 - -4 - -3).
4
7 + -8 + 16 + -11
4
(-3 - -2) + -2 + 7
4
What is the value of -210 + 214 - ((2 - 2) + -2)?
6
What is the value of -6 - (6 - 1 - 6)?
-5
5 + -5 + (-5 - -2) + -2
-5
Calculate 2 + 1 - 0 - (2 + 0).
1
What is 0 + 2 - -1 - (-6 - -13)?
-4
What is -1 + (-2 - (1 + -8) - 7)?
-3
Evaluate -10 + 8 - -3 - (-1 - -5).
-3
-4 - (-2 - (-4 - -7))
1
Calculate (-2 - 3) + 3 + 8.
6
What is the value of -10 - (-3 - (3 - (3 + -1)))?
-6
-6 - 0 - (-30 - -28 - 0)
-4
What is the value of -12 + 6 + 4 - 1 - -6?
3
Calculate 5 + (2 - 9) + 6.
4
Evaluate 2 + (-5 - -4) + 3.
4
What is the value of 0 + 0 - 1 - (-4 - -8)?
-5
What is 2 + (0 + 4 - (-6 - -14))?
-2
Calculate 7 - 6 - (2 + 0 + -2).
1
What is the value of 4 - (-2 - (-7 + 4))?
3
Evaluate -7 - (-5 + -3 + -6 - 4).
11
6 + (2 - 4) - 6
-2
Evaluate (2 - 9) + -14 + 23.
2
What is the value of 23 - (23 - (11 + -2))?
9
Calculate -9 - -6 - ((1 - 2) + -1).
-1
Calculate -4 - (6 + (6 - 7)).
-9
Evaluate 30 + -27 - (2 + 0).
1
-5 + 5 + (7 - 9)
-2
What is the value of -4 - (-11 - -8) - -10?
9
Evaluate 4 + -1 + (5 - 11 - -10).
7
Evaluate 10 + -5 + -17 - -8.
-4
-10 + -6 + 20 + -7
-3
Calculate 1 + 1 + 2 + (1 - 2).
3
What is -1 + -5 + (1 - -1 - 1)?
-5
Evaluate (1 + -5 - -5) + 0 + -6.
-5
Calculate 1 + 0 + -2 + 4.
3
What is the value of (-2 - -3) + (-155 - -157)?
3
What is 4 + -1 + (9 - 5) + -6?
1
Evaluate -1 - -3 - (48 + -44).
-2
Evaluate -14 + 21 + 2 + -14.
-5
Calculate (4 - (-1 - -3)) + 4 - 1.
5
Calculate 0 - (1 + -4 + 3 + 4).
-4
2 + (5 - 1 - 0) + -8
-2
Calculate -7 - (1 - 7 - 0).
-1
11 + 1 + -1 + -11
0
-2 + 4 + -2 + 1 + -1
0
Evaluate 11 - (-12 + 25) - -8.
6
Calculate 0 + 0 - (-8 - 2 - -10).
0
What is 7 + (6 - 2) + -3 + -6?
2
What is 6 + (46 + -41 - (1 + 3))?
7
What is -3 + -2 + (-1 - -7)?
1
Evaluate -3 + 11 - 4 - 1.
3
Calculate 4 + 0 - (-5 - -13).
-4
5 - 1 - (0 + 3)
1
Calculate -2 - (-2 + -1 - 3).
4
1 + (-2 - (-2 + 5))
-4
Evaluate (-4 - (-1 + 3)) + (12 - 9).
-3
4 + (-4 - 2) + 5 + -5
-2
What is (1 - 18) + (-8 - -26) + -10?
-9
Calculate (-3 - (3 - 4)) + (6 - 3).
1
Evaluate (22 + -27 - (-2 - 4)) + -5.
-4
2 + 8 - (22 + -17)
5
What is the value of -7 + 1 - (9 + -13)?
-2
What is 1 - -7 - (-3 - (-4 - 1))?
6
Calculate -3 + 3 + 6 + -2 + 1.
5
-2 - (5 - 4 - 3)
0
Evaluate 1 + (2 - (4 + -4)) - 3.
0
Calculate (3 - 1 - (3 + 0)) + -4.
-5
Calculate (-2 - -1 - 3) + 8 + -2.
2
-7 - (1 + 6 + -8)
-6
What is 2 + -6 + -4 + 6?
-2
Calculate -3 + 6 - (12 - 7).
-2
Evaluate (-1 - -6) + -1 + 7 + -6.
5
What is the value of 3 + -11 + 15 + -14?
-7
What is the value of 0 + (0 - (7 + -2))?
-5
-4 + (6 + 3 - 10)
-5
(12 - 17) + 11 + -16
-10
What is -2 + 2 + -1 + (2 - 2)?
-1
What is 1 - (-4 - -3) - 0?
2
(-4 - -4) + 3 - -1
4
What is the value of -1 + -6 + (10 - (25 + -20))?
-2
What is -8 - (3 + 2 + -10 + 0)?
-3
What is (-6 + 1 - (-26 + 29)) + -2?
-10
What is the value of 3 + -5 + (-3 - -7)?
2
What is 6 + (-2 - 3) - (-5 + 2)?
4
What is the value of 2 - (7 + (2 - 3) + 1)?
-5
What is the value of (6 + -4 + 5 - 4) + 3?
6
What is -2 - (7 - (1 - -2)) - -1?
-5
Calculate 7 + -11 + 5 - 0.
1
Calculate -31 + 32 + -1 + 2 + 1.
3
Evaluate -3 - (-7 + 5) - 0.
-1
What is 3 + (-18 - -13) + -8?
-10
Evaluate -6 - (-7 + 0) - (-4 - 1).
6
Calculate -1 + 3 + -1 + -1.
0
Calculate -2 + -3 - (-2 - -1 - 0).
-4
Evaluate -7 + 20 - ((-2 - 2) + 10).
7
2 - (2 - (-4 - -6)) - -5
7
What is the value of 5 - 2 - (5 - (-2 + 3))?
-1
Calculate -5 - (-26 + 22 - (-8 - 0)).
-9
Evaluate -5 - -2 - (6 - 6).
-3
0 + 1 - (4 + 3 + -12)
6
What is the value of -6 + -2 - (-5 - 0)?
-3
What is -2 - -2 - (5 + -5)?
0
What is -2 - ((3 - (-2 - 2)) + -5)?
-4
What is -2 + 8 + -3 + -2?
1
Evaluate -30 - (-9 - 0) - -12.
-9
Evaluate -1 + (4 - (2 + -2)) - -3.
6
(0 - (-19 - -8)) + -9
2
What is the value of -1 - ((-3 - 3 - -20) + -6)?
-9
What is the value of (7 - (0 - -9)) + 7?
5
Calculate -2 + (-2 - (-3 - -3)) + 2.
-2
Evaluate (-7 - -3 - (-2 + 8)) + 3.
-7
What is the value of -4 + -2 - (-2 + -4)?
0
What is the value of 1 + (-5 - -7 - -4) + -6?
1
((1 - 1) + 0 - 6) + 3
-3
Calculate -1 + (1 - (-4 - -7) - 6).
-9
(0 - 1) + -3 + 0
-4
Calculate 6 - (1 - -5 - (-3 - -5)).
2
What is the value of (7 - -1) + (-2 - 4)?
2
Calculate -17 - -4 - (-12 + 0).
-1
11 - (0 + 9 - 6)
8
Evaluate 0 + 0 - (-2 + -2).
4
Calculate -1 + (-3 - -1) + -2 + 3.
-2
What is (0 - -5 - 1) + -44 + 42?
2
0 - (2 - -2) - (36 + -32)
-8
-9 - (11 - (14 + -2))
-8
What is the value of 1 + -10 - ((-12 - -11) + -3)?
-5
Calculate -5 - (-7 - (-3 + 3)).
2
(-9 - 5) + 7 + 5 - -1
-1
What is 8 - 16 - (1 - 1)?
-8
Calculate -1 + (-8 - (-1 - 4)).
-4
4 - (-14 + 7 - (-14 - -2))
-1
-12 - -9 - (-1 - -1 - -3)
-6
Calculate -5 - ((3 - -4 - 3) + -4).
-5
-7 + 8 + -4 + 0
-3
Calculate (-2 - (5 - 2)) + 4.
-1
What is 2 + 7 + -12 + (-2 - 2)?
-7
What is the value of -7 + 1 - (-20 + -6 + 17)?
3
Calculate 6 - 7 - 0 - 2.
-3
Evaluate -5 + 3 - (0 + -1).
-1
Calculate (-13 - -3) + (19 - 16).
-7
(-1 - (13 + -9)) + 11
6
Evaluate (-2 - -11) + -24 - -8.
-7
What is (7 - -3) + (-3 - 3)?
4
Evaluate 14 - (1 + -3) - (-36 + 42).
10
What is 4 - 0 - (94 + -90)?
0
0 + 1 + -6 + 7
2
What is the value of (-3 - -6) + -5 - (-2 - 2)?
2
Calculate 7 - 2 - (-2 + 2).
5
151 - 142 - (-1 + 1 + 0)
9
2 + 0 + -1 + 1
2
What is 3 - (-6 + 2 + 4)?
3
What is the value of -7 + (7 - (-5 + 11))?
-6
-15 - -14 - (4 + 0)
-5
-3 + (5 - 2) - -8 - 3
5
What is -4 - (-1 + 3 + -2 + 3)?
-7
What is the value of 1 + 1 + -4 + 4?
2
Calculate -6 - 0 - -14 - 0.
8
Calculate (-6 - (-8 + 0)) + 2.
4
Calculate (-3 + -7 - -9) + 2 + 0.
1
Calculate 3 - (12 + 3) - (46 + -51).
-7
-5 + 5 + (2 - 1)
1
2 - 3 - ((6 - 8) + 4)
-3
-44 + 51 - (-1 - 0)
8
(-6 - (-3 - -2)) + -4 + 4
-5
Evaluate -13 - -16 - (-2 + 8).
-3
Calculate -1 - (-4 - (-8 - -1)).
-4
What is the value of -1 - (1 + -4) - 4?
-2
What is the value of 3 + 3 + (4 - 9)?
1
Calculate -9 + 1 + (3 + -16 - -18).
-3
Evaluate -2 + (0 - -9) + 10 + -12.
5
10 + (-1 - 12 - -6)
3
Calculate 3 - (-8 - (-2 - 4)).
5
Calculate 3 + -7 + (-1 + 0 - 0).
-5
What is 14 + -3 + 3 - (1 - -6)?
7
What is 0 - 0 - (7 + -11)?
4
Calculate 2 + -5 - (-5 - (-4 + -4)).
-6
Evaluate 7 - (2 - 0 - (0 + -2)).
3
Calculate 3 + -2 + 1 - (-11 + 12).
1
What is the value of 1 - 4 - (15 - 13)?
-5
Calculate 0 + (3 + 2 - 4) + 2.
3
-3 + (-5 - (-5 + 4 + -5))
-2
Calculate -16 - (83 + -81 + (0 - 7)).
-11
Evaluate -1 - (4 + -1 - (1 + 0)).
-3
Evaluate 1 + 21 + -26 - (0 - 0).
-4
Evaluate 4 - (13 + (-7 + -2 - -5)).
-5
0 + (-4 - (5 - (0 + 6)))
-3
-5 + -2 + (-4 - -8)
-3
Calculate -12 - (-8 - -5) - -4.
-5
Calculate (-4 - -8) + 0 + -1.
3
What is the value of -2 - 2 - (-37 + 38)?
-5
What is -2 - (3 - (3 + -1))?
-3
Evaluate 1 - (2 + (-2 - -1)).
0
What is 9 + -20 + 7 + -1 + -2?
-7
What is -9 - (-8 - (-2 - -2))?
-1
What is (-27 + 27 - (5 - 1)) + 8?
4
Calculate -11 + (3 - -5) + -4.
-7
10 + -12 + (1 - 1)
-2
Calculate -10 - 1 - (-9 + (17 - 13)).
-6
Evaluate 0 + 2 + -3 + 4.
3
What is the value of (2 - -3) + (-6 + 0 - -6)?
5
(5 - (-1 - -9)) + 3
0
What is the value of -11 - -11 - (-2 + 1)?
1
What is 0 + -14 + (55 - 47)?
-6
Evaluate 7 - (11 + 0 + 0).
-4
What is the value of (0 - -7) + 6 + -10?
3
Calculate -1 + -1 + 0 + -3.
-5
-5 + 15 - (0 - -5)
5
(6 - 2 - -1) + -4
1
Calculate 4 - 11 - (-1 + 0).
-6
What is the value of -2 - 3 - (7 - 3)?
-9
Evaluate 12 + (4 - 6) + -4.
6
Calculate 2 + 1 + (-4 - -1).
0
Evaluate -2 + 5 + -9 + 3.
-3
(-2 - -14) + 5 + -17
0
7 - (21 + -10) - -6
2
What is the value of (3 - (7 + (-5 - -1))) + 2?
2
Calculate 9 - (17 - (-3 - -6)).
-5
What is the value of 2 + 7 + -1 - (13 - 11)?
6
-3 + 4 + (6 - (-3 + 7))
3
What is the value of -1 + 6 - (-2 + 2 - 0)?
5
What is the value of (1 + 0 - -1) + -29 + 30?
3
Calculate (11 + -4 - 5) + 1.
3
Evaluate -15 + 21 - (1 + 1).
4
What is 4 - ((2 - 12) + 22)?
-8
What is -3 + (2 - 3) + 0?
-4
What is 4 + (1 + -1 + -1 - 2)?
1
Calculate (21 - (47 - 24)) + (3 - 0).
1
Calculate (9 - (21 + -9)) + 9.
6
What is the value of -4 + 2 + (0 - -3)?
1
Evaluate -1 + (6 - 5) + -1.
-1
19 - 13 - (-2 + (-6 - -5))
9
Evaluate 1 + (1 - 3) + 3.
2
-14 + 9 + -2 + 10
3
Evaluate 1 + (-1 + 1 - 2 - 4).
-5
What is the value of -14 + (28 - (7 - -6))?
1
Calculate -1 + 4 + -6 + (2 - 0).
-1
Calculate -2 - (5 + -4) - -4.
1
What is the value of -3 - (6 + -9 - 0) - -4?
4
Calcul